What is the greatest common divisor of 433008990 and 3285?
3285
Calculate the highest common divisor of 60936479 and 9836.
2459
Calculate the greatest common divisor of 68810 and 9043600.
9830
Calculate the greatest common factor of 328 and 16548502.
82
What is the greatest common divisor of 4044 and 111732?
12
Calculate the greatest common factor of 1352368395 and 3690.
1845
What is the greatest common factor of 61489446 and 118?
118
Calculate the highest common divisor of 116 and 317274.
2
What is the highest common factor of 70880 and 92160?
160
What is the highest common divisor of 2718032 and 263168?
4112
What is the highest common divisor of 23817 and 1761387?
51
Calculate the greatest common divisor of 5956264 and 736.
184
Calculate the greatest common divisor of 2670 and 189481445.
445
Calculate the greatest common factor of 702 and 681122.
26
Calculate the highest common divisor of 15 and 8941755.
15
Calculate the greatest common divisor of 67241 and 6876277.
3539
Calculate the highest common divisor of 364538 and 291953.
1613
Calculate the greatest common divisor of 22064 and 2216053.
1379
What is the greatest common factor of 8238328 and 1179?
131
What is the greatest common divisor of 3702 and 180644026?
1234
What is the highest common divisor of 347261 and 124037?
71
Calculate the greatest common factor of 130050 and 1485630.
1530
Calculate the highest common factor of 5520 and 1419450.
30
Calculate the greatest common divisor of 360 and 24462.
18
Calculate the highest common factor of 141318001 and 55.
11
What is the greatest common factor of 69212 and 1469?
13
Calculate the greatest common divisor of 238 and 170462684.
14
What is the highest common divisor of 182736 and 6480?
1296
Calculate the greatest common factor of 162 and 11621862.
18
Calculate the highest common factor of 334044 and 13932.
324
Calculate the highest common factor of 152107452 and 31.
31
What is the highest common divisor of 1038096438 and 166?
166
What is the highest common divisor of 4082 and 4137107?
2041
What is the greatest common divisor of 14166680 and 242?
242
What is the highest common factor of 11406783 and 6147?
2049
Calculate the greatest common factor of 4828 and 27081.
17
What is the greatest common factor of 1378 and 68757589?
53
What is the highest common factor of 540530 and 1474430?
2830
What is the greatest common divisor of 92587220 and 3520?
220
What is the greatest common divisor of 10745 and 23849602?
2149
Calculate the highest common divisor of 12384 and 567558.
18
Calculate the greatest common divisor of 45236 and 3298020.
1052
Calculate the highest common divisor of 5812054 and 8602.
46
Calculate the greatest common divisor of 6232877 and 497.
497
What is the greatest common factor of 62708508 and 396?
36
Calculate the greatest common divisor of 31518 and 35707113.
927
Calculate the highest common factor of 275 and 145429075.
275
What is the greatest common divisor of 755 and 80968465?
755
What is the highest common divisor of 1453961558 and 8834?
8834
What is the greatest common factor of 507680019 and 1254?
627
What is the highest common factor of 3895 and 164165?
5
What is the greatest common factor of 722 and 155458?
38
What is the greatest common factor of 1892 and 1757866?
22
Calculate the greatest common divisor of 242473 and 175.
7
Calculate the greatest common divisor of 140790 and 4025150.
3610
What is the greatest common divisor of 54845861 and 1967?
1967
Calculate the highest common factor of 1461642 and 2.
2
What is the highest common factor of 878341561 and 911?
911
Calculate the greatest common divisor of 15168225 and 20775.
75
What is the greatest common divisor of 18046 and 1908896857?
9023
Calculate the highest common factor of 20062 and 7878634.
2866
Calculate the greatest common factor of 6298940 and 1128.
188
What is the highest common divisor of 9907940 and 500?
20
What is the greatest common factor of 4991 and 26115488?
161
What is the highest common factor of 20 and 8616420?
20
Calculate the greatest common factor of 60998229 and 8685.
1737
What is the greatest common divisor of 9872 and 87784?
8
What is the highest common factor of 1100 and 43660100?
1100
Calculate the greatest common factor of 3674 and 98196.
334
What is the greatest common divisor of 4986054 and 72?
18
What is the highest common factor of 2648934 and 6597?
9
What is the greatest common factor of 1522536 and 4488?
24
Calculate the highest common divisor of 40013285 and 8450.
845
What is the highest common factor of 1844713839 and 6198?
3099
Calculate the greatest common divisor of 323144442 and 6984.
1746
Calculate the greatest common divisor of 165322 and 1584441.
631
Calculate the highest common factor of 30860292 and 955376.
8236
What is the highest common divisor of 262 and 4603340?
262
What is the greatest common factor of 122 and 7994294?
122
Calculate the greatest common divisor of 13704 and 3607848.
24
Calculate the greatest common factor of 504 and 143351544.
168
Calculate the highest common factor of 77210 and 178581215.
5515
Calculate the highest common factor of 108584987 and 9123.
3041
What is the highest common factor of 300738699 and 9?
9
What is the highest common divisor of 54040650 and 810?
30
Calculate the highest common factor of 239739 and 147423.
471
Calculate the highest common factor of 2208 and 393671680.
736
What is the greatest common divisor of 104248 and 204728?
1256
Calculate the highest common divisor of 4492390 and 58870.
2030
Calculate the highest common divisor of 131859 and 185563.
49
What is the highest common factor of 1109715 and 6680?
835
What is the greatest common factor of 64361255 and 49?
49
What is the greatest common factor of 621 and 67367?
23
Calculate the greatest common factor of 5250 and 6238750.
1750
What is the greatest common factor of 108169 and 192924?
23
What is the highest common divisor of 952 and 4690742?
238
Calculate the greatest common divisor of 8008 and 19681508.
308
Calculate the highest common factor of 3152 and 102320.
16
Calculate the highest common factor of 6735 and 15061705.
2245
What is the highest common factor of 1591810 and 1563100?
3190
Calculate the highest common divisor of 9536 and 38672056.
1192
Calculate the highest common divisor of 4 and 3343273.
1
Calculate the greatest common factor of 74115470 and 1430.
1430
Calculate the highest common divisor of 692 and 36326540.
692
What is the highest common divisor of 215 and 11634?
1
Calculate the highest common divisor of 20918816 and 992.
32
What is the greatest common divisor of 15587311 and 3070?
307
Calculate the highest common factor of 165158 and 7207074.
658
Calculate the highest common divisor of 1147956 and 706.
706
What is the greatest common factor of 938065 and 8965?
815
What is the highest common divisor of 298 and 1961264650?
298
What is the greatest common factor of 152 and 4970932?
76
Calculate the greatest common divisor of 1610425 and 3700.
925
Calculate the greatest common divisor of 141622 and 1587248.
338
What is the greatest common divisor of 6298858 and 12662?
974
What is the greatest common divisor of 520 and 15810440?
40
Calculate the greatest common factor of 29516396 and 182.
182
What is the highest common divisor of 1368799 and 69?
23
What is the greatest common divisor of 78484874 and 130?
26
Calculate the greatest common divisor of 1728050 and 1020.
170
What is the greatest common factor of 33176 and 180488?
88
Calculate the greatest common factor of 117 and 492770421.
117
Calculate the greatest common divisor of 14208 and 23508864.
384
What is the highest common factor of 2400 and 7896800?
800
Calculate the greatest common divisor of 3255984 and 252.
36
Calculate the greatest common factor of 1652970 and 160.
10
Calculate the greatest common divisor of 3723460 and 110.
10
Calculate the highest common divisor of 4582581 and 224820.
3747
Calculate the highest common divisor of 9565775 and 75.
25
What is the highest common factor of 3539806 and 1644?
274
What is the greatest common divisor of 12375486 and 4248?
1062
What is the greatest common factor of 148988 and 4536?
28
What is the greatest common factor of 1188044075 and 25?
25
What is the highest common factor of 412 and 537041